or of 115 and 1358173.
23
What is the highest common divisor of 2354 and 800788?
214
Calculate the greatest common factor of 171440 and 880.
80
What is the greatest common divisor of 376179 and 74?
37
Calculate the greatest common divisor of 2532 and 598396.
844
Calculate the highest common factor of 4060 and 550.
10
What is the greatest common factor of 24 and 110868?
12
What is the highest common factor of 157718 and 642?
214
Calculate the highest common factor of 390799 and 445.
89
Calculate the greatest common divisor of 8 and 32764.
4
Calculate the highest common factor of 35 and 126860.
5
What is the highest common factor of 216755 and 280?
35
Calculate the greatest common factor of 648 and 27576.
72
What is the highest common divisor of 25560 and 3600?
360
What is the highest common divisor of 272 and 2248?
8
What is the greatest common divisor of 70 and 28945?
35
What is the greatest common divisor of 65322 and 2793?
57
Calculate the highest common factor of 20768 and 544.
32
Calculate the greatest common factor of 19170 and 77106.
426
Calculate the greatest common factor of 1221 and 550264.
407
What is the greatest common divisor of 21 and 131397?
21
What is the greatest common divisor of 726 and 11770638?
726
Calculate the highest common factor of 14381 and 788.
197
Calculate the highest common factor of 1744 and 64637.
109
What is the greatest common divisor of 3070 and 90?
10
Calculate the greatest common factor of 31490 and 10854.
134
What is the highest common divisor of 167475 and 16965?
435
What is the highest common factor of 176 and 1166?
22
What is the greatest common divisor of 14256 and 163458?
162
What is the highest common factor of 13 and 6306313?
13
What is the greatest common divisor of 36177 and 186?
93
Calculate the greatest common factor of 1556 and 5832.
4
Calculate the highest common divisor of 15953 and 931.
7
What is the greatest common factor of 7332 and 4563?
39
Calculate the highest common divisor of 457659 and 108.
9
Calculate the greatest common divisor of 135 and 295.
5
What is the greatest common divisor of 232484 and 133?
133
What is the greatest common factor of 275380 and 112?
28
Calculate the greatest common divisor of 5730 and 8786.
382
Calculate the highest common divisor of 4935 and 405.
15
What is the greatest common divisor of 834838 and 6?
2
What is the greatest common divisor of 6783 and 252042?
357
Calculate the highest common divisor of 63 and 14409.
9
Calculate the highest common factor of 39329 and 2479.
67
Calculate the greatest common factor of 3745 and 14.
7
What is the highest common factor of 565028 and 12?
4
What is the greatest common divisor of 33627 and 1683?
33
Calculate the highest common factor of 9693 and 66774.
1077
What is the greatest common factor of 36152 and 128?
8
Calculate the highest common divisor of 1180 and 2380.
20
Calculate the highest common factor of 77 and 220.
11
Calculate the greatest common factor of 1257536 and 196.
196
What is the greatest common divisor of 5420 and 11660?
20
Calculate the highest common factor of 399 and 12711.
57
What is the greatest common divisor of 18117 and 103653?
297
Calculate the highest common factor of 15 and 212970.
15
What is the highest common divisor of 300656 and 1311?
437
What is the greatest common factor of 25 and 3200?
25
What is the highest common factor of 3756 and 60?
12
What is the highest common divisor of 67640 and 76?
76
What is the greatest common divisor of 143 and 20834?
11
Calculate the highest common divisor of 140186 and 232.
58
Calculate the highest common divisor of 1494 and 5146.
166
Calculate the greatest common factor of 1248 and 29536.
416
What is the greatest common factor of 1191 and 3561884?
397
What is the greatest common divisor of 738 and 24?
6
Calculate the greatest common divisor of 157461 and 1314.
219
What is the highest common factor of 17 and 51527?
17
What is the greatest common factor of 415 and 10?
5
Calculate the greatest common factor of 250 and 71950.
50
Calculate the highest common divisor of 59686 and 8162.
22
Calculate the highest common divisor of 305879 and 3543.
1181
What is the greatest common factor of 141 and 682393?
47
Calculate the highest common divisor of 42050 and 100.
50
What is the highest common divisor of 5 and 538930?
5
What is the greatest common divisor of 16263 and 1287?
117
What is the greatest common divisor of 1767 and 465?
93
Calculate the highest common divisor of 1875 and 65550.
75
What is the greatest common factor of 7092678 and 148?
74
Calculate the highest common divisor of 6273 and 1599.
123
Calculate the highest common divisor of 125442 and 51.
3
What is the highest common divisor of 285662 and 702?
26
What is the greatest common divisor of 7196630 and 114?
38
Calculate the greatest common factor of 2355 and 878886.
471
Calculate the highest common factor of 52 and 838162.
26
Calculate the greatest common divisor of 858 and 387222.
66
What is the highest common divisor of 1615 and 16625?
95
Calculate the greatest common factor of 418 and 109022.
38
What is the highest common divisor of 242721 and 99?
9
What is the highest common divisor of 143 and 15983?
11
Calculate the greatest common factor of 492088 and 8.
8
What is the greatest common factor of 1026 and 10421082?
1026
Calculate the highest common divisor of 29 and 63626.
29
What is the greatest common factor of 1289550 and 300?
150
What is the highest common divisor of 25 and 182485?
5
What is the greatest common factor of 117 and 795600?
117
Calculate the highest common divisor of 364 and 4771.
13
What is the greatest common divisor of 351 and 5219487?
117
Calculate the highest common divisor of 42120 and 2132.
52
Calculate the greatest common divisor of 91 and 14963.
13
What is the highest common divisor of 20 and 23610?
10
Calculate the greatest common divisor of 1632880 and 240.
80
What is the greatest common divisor of 32486 and 11?
1
What is the greatest common divisor of 602496 and 171?
9
What is the highest common factor of 4598 and 656678?
418
What is the highest common factor of 82155 and 15?
15
Calculate the highest common factor of 37808 and 51.
17
What is the highest common factor of 91 and 1335698?
91
What is the greatest common divisor of 197464 and 16?
8
What is the highest common factor of 5296 and 17874?
662
What is the greatest common factor of 11100 and 14100?
300
Calculate the greatest common factor of 207 and 407376.
207
Calculate the highest common divisor of 12840721 and 241.
241
Calculate the greatest common factor of 10 and 171890.
10
What is the highest common divisor of 1079547 and 84?
21
What is the greatest common factor of 22382 and 51262?
722
What is the highest common divisor of 85 and 1350?
5
Calculate the highest common divisor of 21 and 117846.
3
Calculate the highest common factor of 1265328 and 5568.
1392
Calculate the greatest common divisor of 220 and 42295.
55
What is the highest common divisor of 13743 and 108?
27
What is the highest common factor of 87 and 149118?
87
Calculate the highest common factor of 65284 and 228.
76
Calculate the greatest common divisor of 115143 and 42.
21
Calculate the greatest common factor of 4498 and 7958.
346
Calculate the highest common divisor of 250 and 6.
2
What is the greatest common factor of 384 and 4008?
24
What is the highest common factor of 1925739 and 333?
333
Calculate the highest common divisor of 496 and 118420.
124
Calculate the highest common divisor of 12700 and 375412.
508
What is the greatest common factor of 405 and 133299?
27
Calculate the highest common divisor of 33453 and 15281.
413
What is the highest common divisor of 3776 and 16697?
59
Calculate the greatest common divisor of 201236 and 28.
28
Calculate the greatest common factor of 47329 and 517.
47
What is the highest common factor of 76 and 62016?
76
Calculate the greatest common divisor of 76 and 414200.
76
Calculate the highest common divisor of 44 and 10137974.
22
Calculate the highest common divisor of 668100 and 393.
393
Calculate the highest common divisor of 741605 and 83.
83
Calculate the greatest common divisor of 15 and 1850070.
15
Calculate the greatest common divisor of 351 and 1674.
27
What is the highest common divisor of 7